= -2*a - 7, -a - 2*a = r. Suppose -3*u + 2*i + 13 = -0, 2*i = u + a. Suppose 100 = 5*q - 0*q. Calculate the remainder when q is divided by u.
6
Suppose 0 = 4*l - 222 + 66. Calculate the remainder when l is divided by 14.
11
Let m(l) = 2*l + 32. Calculate the remainder when m(-14) is divided by 4.
0
Let y = -1 - 5. Let b = y - 4. Calculate the remainder when (-54)/(-10) - (-4)/b is divided by 2.
1
Let u = 135 - 87. Calculate the remainder when u is divided by 10.
8
Let s = -6 + 8. Suppose 3*w + 0*n = 5*n + 117, 0 = 4*w - s*n - 142. What is the remainder when (w/(-3))/(1/(-3)) is divided by 12?
10
Let d be (-3)/(9/75)*-1. Suppose -d = -4*c + 3. Suppose 3*i - 12 = 0, -5*x + 190 - 70 = 5*i. What is the remainder when x is divided by c?
6
What is the remainder when (2 - 0)/2 + 19 is divided by 7 - (2 - (-2 + 4))?
6
Suppose -76 = -2*v + 5*w, 2*v - 4*w - 18 = 58. Calculate the remainder when v is divided by 13.
12
Let s(u) = 3*u**2 + 2*u - 7. What is the remainder when s(-3) is divided by 4?
2
Let m = -186 + 270. What is the remainder when m is divided by 44?
40
Let k = -544 - -316. Let q = -28 - -34. Calculate the remainder when (q/8)/((-3)/k) is divided by 15.
12
Suppose -10 = -p + 2*d, -p + 4*d = d - 14. Suppose 0 = -r + 5 + p. Calculate the remainder when (-1)/(((-7)/20)/7) is divided by r.
6
Let z(a) = -11*a - 3. Suppose 3*m = -2 - 13. Calculate the remainder when z(m) is divided by 11.
8
Let v = 41 - 0. Let h = -128 - -139. Calculate the remainder when v is divided by h.
8
Let k = 129 + 84. What is the remainder when k is divided by 36?
33
Let d = -26 - -45. Calculate the remainder when 36 is divided by d.
17
Calculate the remainder when 43 is divided by 18/(-4)*(0 + -2).
7
Let v(t) = -5*t + 3. What is the remainder when (-13)/(-52) - (-550)/8 is divided by v(-3)?
15
Let v = -1 + -5. Calculate the remainder when 16 is divided by (-33)/v + (-3)/(-6).
4
Suppose -v = 4*v + 25. Let a = 8 + v. Suppose y - 34 = -4*j, 0 = 2*j - 7*y + 4*y - 10. What is the remainder when j is divided by a?
2
Let g = -27 + 51. What is the remainder when 68 is divided by g?
20
Let u be 2*28/8 + -2. Suppose 99 = u*q - 186. What is the remainder when q is divided by 12?
9
Let b = 10 - 0. What is the remainder when 18 is divided by b?
8
Suppose 3*k - 3 - 6 = 0. Suppose -4*o - 4*x + 15 = -x, -o + k*x = 0. What is the remainder when 10 is divided by o?
1
Let i be 2*((-15)/(-6) + 1). Suppose 3 - i = 2*k - 4*w, 4*k + w = 28. Calculate the remainder when 11 is divided by k.
5
Suppose -d = 5*u - 290, -4*d - d + u = -1424. What is the remainder when d is divided by 48?
45
Suppose 2*k - 170 = -0*k. Calculate the remainder when k is divided by 22.
19
Suppose 0 = 4*z - 4, 3*g + 3*z + 0*z = 6. What is the remainder when g is divided by 1?
0
Let d(x) = -x**3 + 12*x**2 - 11*x + 8. Let c = 3 + -2. Let y = c + 2. What is the remainder when d(11) is divided by y?
2
Suppose y = -4*s + 163, -4*y + 201 = 2*s + 3*s. Suppose 0 = 4*p + 7 - 51. Calculate the remainder when s is divided by p.
8
Let b(g) = 6*g**3 - 2*g**2 + 4*g - 4. Calculate the remainder when 129 is divided by b(2).
41
Suppose 3*s - 8*s + 25 = 0. Calculate the remainder when 22 is divided by s.
2
Suppose -o + 6*o = 210. Let y(n) = -7*n**2 - n - 2. Let i be y(-2). Let r = o + i. Calculate the remainder when 26 is divided by r.
12
Let p(i) = i**2 + 4*i - 6. Calculate the remainder when p(6) is divided by 23.
8
Suppose 2*t = 3*z + 13, 3*t = 5*z - z + 19. Suppose t*f - 88 = y - 11, -2*y + 6 = 0. Calculate the remainder when 30 is divided by f.
14
Let f = 51 - 38. What is the remainder when (28 - 3) + (0 - 0) is divided by f?
12
Calculate the remainder when 37 is divided by 5 + ((-6)/2 - -17).
18
Suppose 0 = 5*p - 5*g + 303 - 1068, 3*g = -6. What is the remainder when p is divided by 38?
37
Let v be (-2)/(0 + (1 - 3)). Let i be (-7*v)/(-2 + 1). Suppose -2*f - 290 = -i*f. What is the remainder when f is divided by 20?
18
Let o(z) be the third derivative of -z**4/6 - 2*z**3/3 + z**2. Let n(w) = -w**2 + 2*w + 12. What is the remainder when o(-5) is divided by n(3)?
7
Let z(u) = u + 26. Let j = 28 - 19. What is the remainder when z(0) is divided by j?
8
Let g(m) = -m**3 + 9*m**2 - 4*m + 6. Calculate the remainder when 109 is divided by g(8).
33
Calculate the remainder when 18 is divided by -4*((-55)/4)/11.
3
What is the remainder when ((-14)/(-28))/(1/156) is divided by 16?
14
Suppose 5*y + 15 = 90. Let i(n) = n + 42. Suppose 0 = 5*b - 5*z + 5, -b + 3 = 3*z - 0. Calculate the remainder when i(b) is divided by y.
12
What is the remainder when (-2576)/(-48) - 2/(-6) is divided by (-1 + 0)*14*-1?
12
Let b = -172 + 271. Let d = -68 + b. Calculate the remainder when d is divided by 11.
9
Calculate the remainder when (-22)/4*(1 + -3) is divided by 7.
4
Let c = -64 - -28. Calculate the remainder when (15/(-6))/(6/c) is divided by 9.
6
Suppose -r + 39 = 2*g - 4*r, 2*g - 57 = -3*r. Let h = g - 16. What is the remainder when 14 is divided by h?
6
Suppose 2*a - 2 = 8. What is the remainder when 19 is divided by a?
4
Let b be -4 - (-5)/(15/12). Let n(c) = -c**2 + 8. What is the remainder when 13 is divided by n(b)?
5
Suppose 8*n - 70 = 3*n. Let h = 6 + -1. Suppose 0 = 5*u - a - 130, -4*a + 130 = h*u - 7*a. Calculate the remainder when u is divided by n.
12
Suppose l = 5*l - 36. Let z = 23 - -2. Calculate the remainder when z is divided by l.
7
Calculate the remainder when (2 - 1)/((-3)/(-30)) is divided by (-17)/(-6) - (-1)/6.
1
Suppose 3*u - 356 = 250. Let g = u - 131. Suppose 2*l - l = g. What is the remainder when l is divided by 24?
23
What is the remainder when 249/15 - 2/(-5) is divided by 6?
5
Let c be 1*(-3 - (-14 + -3)). Suppose 4*j + 4*b = 48, -3*b + c + 8 = 2*j. Calculate the remainder when 53 is divided by j.
11
Suppose 66 = 3*y - 5*n, -5*y + 24 = 2*n - 55. What is the remainder when 66 is divided by y?
15
Let b = -28 - -56. What is the remainder when b is divided by (-7)/2*(-12)/7?
4
Let w = -75 + 141. Suppose -o + w = o. Suppose -3*g + o + 6 = 0. Calculate the remainder when 37 is divided by g.
11
Let l(n) = 128*n. Calculate the remainder when l(1) is divided by 43.
42
Suppose -4*c = 2*g - g - 67, -5*c = -g - 77. What is the remainder when c is divided by 7?
2
Let p(l) = 7*l - 1 - 3 + 0 - 8*l. Let d be p(-9). Suppose d*h + 21 = 131. Calculate the remainder when h is divided by 8.
6
Let y = -2 - -21. Calculate the remainder when 56 is divided by y.
18
Suppose -3*f = -27 - 24. Let z be (76/(-5))/(3/(-15)). Suppose -z = -2*o + 24. Calculate the remainder when o is divided by f.
16
Let n(g) = 9*g + 7 - 12 - 2*g**2 + g**2. What is the remainder when n(7) is divided by 5?
4
Suppose 5*q - 69 = 2*i, 2*q + 4*i = 18 - 0. Let r(l) = 6*l**3 - 3*l**2 + l - 2. What is the remainder when r(2) is divided by q?
10
Let z = -52 + 67. Calculate the remainder when z is divided by 10.
5
Suppose 2*f + 22 = 4*d, -5*f + 4 = -2*d - 5. What is the remainder when 22 is divided by d?
6
Let v(x) = 2*x - 9. Let k = 13 + -7. Calculate the remainder when 10 is divided by v(k).
1
Let u(p) = -p**2 - 6*p + 2. Let t be u(-6). Suppose t*n + 2*n = 32. Let m = n - 3. What is the remainder when m is divided by 2?
1
Let s(d) = -d**2 - 6*d + 7. Let i be s(-6). Suppose -4*r = i - 147. Calculate the remainder when r is divided by 35/3 + 2/6.
11
Let l = -7 + 33. Calculate the remainder when 74 is divided by l.
22
Let h(y) = 5*y**2 + 2*y. Suppose -4*i + 24 = -0*b + 2*b, 5 = i. Suppose t + 2*t + 40 = b*x, 5*t = -x + 20. Calculate the remainder when h(-3) is divided by x.
19
Suppose 0 = -4*t + 12*t - 48. What is the remainder when 17 is divided by t?
5
Suppose 0*a + 2 = 2*a. Let d(h) = 48*h**2. Let m be d(a). Suppose -3*x - m = -5*x. Calculate the remainder when x is divided by 13.
11
Let m(c) = -c**3 - 3*c**2 + 3*c + 1. Suppose -5*l + 5*x = 250, -l - 4*x - 63 = -23. Let a = -34 - l. What is the remainder when a is divided by m(-4)?
4
Suppose -20*n = -16*n - 20. Suppose j + 5*m + 58 = 3*j, 11 = j + 2*m. What is the remainder when j is divided by n?
4
Let u(y) = -y**2 + 14*y - 2. Let c(r) = 29*r**2 - r. What is the remainder when c(-1) is divided by u(13)?
8
Suppose -57 = -3*y - 12. Let c(o) = 26*o**2 + o + 3. Calculate the remainder when c(-1) is divided by y.
13
Let r(o) = o + 0